est common divisor of 1771 and 43351?
77
What is the greatest common factor of 111 and 192474?
111
What is the highest common divisor of 1039416 and 322?
322
What is the greatest common factor of 1909472 and 32?
32
What is the greatest common factor of 563973 and 318?
159
Calculate the highest common factor of 42 and 137235.
21
What is the greatest common divisor of 28679 and 119?
119
Calculate the greatest common factor of 186528 and 4408.
232
What is the greatest common factor of 1768 and 14?
2
Calculate the highest common divisor of 1335 and 1095.
15
What is the highest common factor of 5824 and 132769?
91
What is the greatest common factor of 40606 and 27242?
514
Calculate the greatest common divisor of 1335 and 257833.
89
Calculate the highest common factor of 15558 and 6.
6
Calculate the highest common divisor of 763 and 2943.
109
Calculate the greatest common factor of 390 and 78720.
30
What is the highest common factor of 42 and 1415874?
6
What is the greatest common factor of 354 and 79414?
118
What is the highest common divisor of 1528 and 40?
8
Calculate the highest common divisor of 459 and 54876.
51
What is the highest common divisor of 6721 and 834955?
517
Calculate the highest common divisor of 11805 and 75.
15
What is the highest common factor of 303541 and 421?
421
Calculate the greatest common divisor of 77 and 671.
11
What is the highest common factor of 940 and 9220?
20
Calculate the greatest common divisor of 89654 and 529.
23
What is the highest common divisor of 66 and 747186?
66
What is the greatest common factor of 7404 and 174?
6
What is the highest common divisor of 2316184 and 728?
104
What is the highest common divisor of 92713 and 161?
23
Calculate the greatest common divisor of 307599 and 9.
3
What is the highest common factor of 5144 and 56?
8
Calculate the greatest common factor of 88 and 5120.
8
Calculate the highest common factor of 2717 and 34268.
13
Calculate the highest common divisor of 1000 and 479500.
500
What is the greatest common divisor of 17696 and 2765?
553
Calculate the greatest common factor of 3898 and 8706183.
1949
Calculate the highest common divisor of 1784518 and 1208.
302
Calculate the greatest common divisor of 4879 and 30583.
119
What is the greatest common divisor of 23760 and 1023?
33
What is the highest common divisor of 121307 and 356?
89
Calculate the highest common divisor of 2718 and 9117.
9
What is the highest common factor of 29679 and 117?
39
Calculate the highest common factor of 154477 and 12351.
179
Calculate the highest common factor of 86594 and 290.
58
Calculate the greatest common divisor of 81992 and 4440.
296
Calculate the highest common divisor of 184708 and 92.
4
What is the greatest common divisor of 79 and 719295?
79
Calculate the highest common factor of 12 and 11032.
4
What is the greatest common factor of 4 and 3522?
2
What is the greatest common divisor of 448 and 6848?
64
What is the greatest common factor of 716910 and 690?
690
What is the highest common divisor of 6698 and 646?
34
Calculate the greatest common divisor of 13593 and 1380.
69
What is the greatest common factor of 408356 and 26?
26
Calculate the highest common divisor of 25218 and 1620.
54
Calculate the greatest common factor of 264096 and 576.
288
Calculate the greatest common divisor of 1436925 and 46.
23
Calculate the highest common divisor of 330 and 66.
66
What is the greatest common factor of 183 and 6148800?
183
What is the highest common divisor of 1648 and 255028?
412
What is the greatest common divisor of 198161 and 142?
71
What is the highest common factor of 195252 and 108?
12
What is the greatest common factor of 32 and 62232?
8
What is the highest common divisor of 14948 and 38036?
148
Calculate the greatest common factor of 565639 and 69.
23
What is the highest common divisor of 28 and 888356?
28
Calculate the greatest common divisor of 3706 and 290158.
218
What is the greatest common divisor of 687 and 15651921?
687
What is the greatest common factor of 32330 and 530?
530
What is the highest common factor of 3077 and 10136?
181
Calculate the highest common factor of 330 and 21660.
30
Calculate the greatest common divisor of 172 and 3179893.
43
What is the greatest common factor of 1055 and 20?
5
What is the highest common divisor of 13584 and 1104?
48
What is the greatest common divisor of 2 and 18442?
2
Calculate the highest common factor of 244305 and 2047.
89
What is the greatest common factor of 4785 and 11220?
165
Calculate the greatest common factor of 10752 and 798.
42
Calculate the greatest common divisor of 101866 and 248.
62
What is the greatest common divisor of 2168 and 4878?
542
Calculate the highest common divisor of 942318 and 3978.
234
What is the greatest common divisor of 488 and 323788?
244
Calculate the highest common divisor of 2041 and 3536.
13
Calculate the greatest common factor of 1998485 and 453.
151
Calculate the greatest common factor of 8721 and 30267.
513
What is the greatest common divisor of 4448 and 672?
32
What is the greatest common factor of 706721 and 92?
23
Calculate the highest common factor of 274276 and 23684.
764
What is the greatest common divisor of 1364 and 68?
4
Calculate the highest common factor of 1475 and 15517.
59
Calculate the greatest common factor of 1024 and 351.
1
What is the highest common factor of 368 and 65964?
92
What is the greatest common factor of 154 and 109703?
11
What is the greatest common divisor of 13040 and 720?
80
What is the highest common divisor of 14161 and 31212?
289
Calculate the highest common divisor of 28824 and 120.
24
What is the greatest common factor of 2915 and 4565?
55
What is the highest common factor of 68017 and 2278?
17
What is the highest common divisor of 149464 and 14756?
476
What is the greatest common divisor of 35 and 15445?
5
Calculate the greatest common factor of 77 and 6363.
7
What is the highest common divisor of 697 and 15867?
41
What is the greatest common factor of 1144 and 264?
88
What is the highest common factor of 1419 and 10593?
33
What is the highest common factor of 2871 and 10701?
261
What is the highest common factor of 35721 and 108?
27
What is the greatest common factor of 18667 and 583?
11
Calculate the highest common factor of 66036 and 36.
12
Calculate the highest common divisor of 50257 and 58.
29
What is the highest common divisor of 908 and 117359?
227
What is the greatest common divisor of 141519 and 7728?
483
Calculate the highest common divisor of 2148 and 2664.
12
Calculate the highest common divisor of 828 and 4.
4
What is the greatest common factor of 11914 and 2072?
518
Calculate the highest common factor of 999 and 388833.
111
What is the greatest common divisor of 9573021 and 3051?
1017
Calculate the highest common factor of 1170 and 2262.
78
Calculate the highest common factor of 1870 and 55352.
374
What is the highest common factor of 234 and 274581?
9
Calculate the greatest common divisor of 643936 and 32.
32
Calculate the highest common factor of 96381 and 9.
9
What is the greatest common divisor of 29916 and 5076?
108
Calculate the greatest common divisor of 12699 and 1245.
249
What is the highest common divisor of 322227 and 9?
9
Calculate the highest common divisor of 342783 and 63.
63
What is the greatest common factor of 52 and 260?
52
What is the greatest common divisor of 7929803 and 1258?
629
What is the highest common divisor of 50573 and 5401?
491
Calculate the highest common factor of 12528 and 40.
8
Calculate the greatest common divisor of 1701 and 47.
1
What is the highest common divisor of 1550 and 868?
62
Calculate the highest common divisor of 30561 and 549.
183
What is the highest common factor of 55344 and 2928?
48
What is the highest common factor of 6224 and 14782?
778
Calculate the highest common divisor of 13056 and 139776.
768
Calculate the greatest common divisor of 17946 and 1134.
18
Calculate the greatest common divisor of 122250 and 18.
6
What is the greatest common divisor of 352510 and 1?
1
Calculate the highest common factor of 125721 and 18.
9
What is the highest common divisor of 4279 and 29634?
11
What is the highest common divisor of 312 and 905073?
39
What is the greatest common divisor of 1661 and 8309983?
